--
-- Host: localhost    Database: perdiachei
-- ------------------------------------------------------


--
-- Table structure for table `empresas`
--

CREATE TABLE `empresas` (
  `ID` int unsigned NOT NULL AUTO_INCREMENT,
  `ID_USUARIO` int DEFAULT NULL,
  `CONTRATO` varchar(45) DEFAULT NULL,
  `CNPJ` varchar(45) DEFAULT NULL,
  `RAZAOSOCIAL` varchar(545) DEFAULT NULL,
  `NOMEFANTASIA` varchar(545) DEFAULT NULL,
  `UF` varchar(45) DEFAULT NULL,
  `CIDADE` varchar(245) DEFAULT NULL,
  `ENDERECO` varchar(545) DEFAULT NULL,
  `EMAIL` varchar(90) DEFAULT NULL,
  `EMAIL_CONTATO` varchar(150) DEFAULT NULL COMMENT 'E-mail para contato do setor Achados e Perdidos',
  `SITE` varchar(255) DEFAULT NULL COMMENT 'Site/URL da empresa (opcional)',
  `TELEFONE` varchar(45) DEFAULT NULL,
  `DATACADASTRO` datetime DEFAULT NULL,
  `SENHA` varchar(245) DEFAULT NULL,
  PRIMARY KEY (`ID`)
) ENGINE=InnoDB AUTO_INCREMENT=9 DEFAULT CHARSET=utf8mb4 COLLATE=utf8mb4_0900_ai_ci;

--
-- Dumping data for table `empresas`
--

INSERT INTO `empresas` VALUES (2,NULL,'CTR20251021184420','01241240000010','ENTREGAS S/A','EMPRESA DE BUSCAS ABC','PR','Curitiba','RUA VICTORIO CELLI 340','gabriel.lanconi@gmail.com','gabriel.lanconi@gmail.com','https://asdads.com','41999590784','2025-10-21 18:44:20','$2y$10$MxCyQkDghEJJi7PHqYjj7.Qsopqc0fvyNHGWppzP0jH9MUM716JCW'),(3,NULL,'CTR20251022124436','94946481000176','EMPRESA TESTE LTDA','EMPRESA TESTE PARANÁ','PR','Curitiba','Rua Governador Carlos Massa, 100, Centro','siteperdiachei@gmail.com','contato@perdiachei.com.br','https://perdiachei.com.br/','75982385121','2025-10-22 12:44:36','$2y$10$6YXkKWOgzrLhUkPv/owYCupBvkTq7zFjDL6DmOL5gV9judJIlDYKK'),(4,NULL,'CTR20260119142357','59445750000110','GR ODONTOLOGIA SALVADOR LTDA','STAR SORRINDO ','BA','SALVADOR','AVENIDA SETE DE SETEMBRO, 430, CENTRO','starsorrindogr24@gmail.com','starsorrindogr24@gmail.com',NULL,'71981064291','2026-01-19 14:23:57','$2y$10$2A2JHM11vim2sfRij.gJ4eu1JE7SBSOvpgFteza./z29KSWhGdcQK'),(6,NULL,'CTR20260327184331','01241240000012','ENTREGAS S/A','GABRIEL LANCONI DE OLIVEIRA LIMA','AL','Curitiba','RUA VICTORIO CELLI 340','gabriel.lanconi2@gmail.com','gabriel.lanconi2@gmail.com',NULL,'41995544112','2026-03-27 18:43:31','$2y$10$2A2JHM11vim2sfRij.gJ4eu1JE7SBSOvpgFteza./z29KSWhGdcQK'),(7,NULL,'CTR20260329144400','34833645000127','COMERCIAL MANANCIAL LTDA ','COMERCIAL MANANCIAL','BA','FEIRA DE SANTANA','RUA JUVÊNCIO ERUDILHO, 323, TANQUE DA NAÇÃO','comercialmanancialtda.loja2@hotmail.com','comercialmanancialtda.loja2@hotmail.com',NULL,'75983560239','2026-03-29 14:44:00','$2y$10$a5DZraLX9BzcMATTHXnDX.CIS0SwuQhfTPyLnAySrUP.GEdwfoCVy'),(8,NULL,'CTR20260417194047','10652179001006','INSTITUTO FEDERAL DE EDUCACAO, CIENCIA E TECNOLOGIA DO PARANA','INSTITUTO FEDERAL DO PARANA - CAMPUS PALMAS','PR','PALMAS','AV. BENTO MUNHOZ DA ROCHA NETO, S/Nº - PRT-280, BAIRRO UNIVERSITÁRIO','andrei.silva@ifpr.edu.br','andrei.silva@ifpr.edu.br',NULL,'4632621274','2026-04-17 19:40:47','$2y$10$WEY5.uhHP7jI8QTXqrFV1ubKyZX8OURPsRjgc2eJDwIH3L7YDZGrm');

--
-- Table structure for table `item`
--

CREATE TABLE `item` (
  `ID` int unsigned NOT NULL AUTO_INCREMENT,
  `ID_EMPRESA` int DEFAULT NULL,
  `ID_USUARIO` int DEFAULT NULL,
  `TIPO` varchar(90) DEFAULT NULL,
  `NUMERO` varchar(90) DEFAULT NULL,
  `PROPRIETARIO` varchar(345) DEFAULT NULL,
  `DESCRICAO` text,
  `TIPODEVOLUCAO` varchar(90) DEFAULT NULL,
  `DEVOLVIDO` varchar(1) DEFAULT NULL,
  `DATADEVOLUCAO` datetime DEFAULT NULL,
  `DATACADASTRO` datetime DEFAULT NULL,
  `TRANSFERIDO` int DEFAULT NULL,
  `DATATRANSFERENCIA` datetime DEFAULT NULL,
  `ARMAZENADO` varchar(245) DEFAULT NULL,
  `DEVOLUCAO_OBS` varchar(245) DEFAULT NULL,
  PRIMARY KEY (`ID`)
) ENGINE=InnoDB AUTO_INCREMENT=24 DEFAULT CHARSET=utf8mb4 COLLATE=utf8mb4_0900_ai_ci;

--
-- Dumping data for table `item`
--

INSERT INTO `item` VALUES (1,1,1,'CNH','QWE123123QWE','PEDRO ALVAREZ CABRAL','Informamos que o prazo final para a conclusão de todos os cursos disponíveis na plataforma\r\nCoursera, que fazem parte da nossa parceria, é 31 de outubro de 2025.\r\n \r\nLembramos que os cursistas que concluírem todos os módulos terão direito à certificação\r\nemitida pela Escola de Gestão, mediante validação dos certificados emitido pela Coursera.\r\n \r\nCaso esta mensagem não se aplique à sua situação, pedimos que a desconsidere. Informamos que o prazo final para a conclusão de todos os cursos disponíveis na plataforma\r\nCoursera, que fazem parte da nossa parceria, é 31 de outubro de 2025.\r\n \r\nLembramos que os cursistas que concluírem todos os módulos terão direito à certificação\r\nemitida pela Escola de Gestão, mediante validação dos certificados emitido pela Coursera.\r\n \r\nCaso esta mensagem não se aplique à sua situação, pedimos que a desconsidere.','Presencial','S','2025-10-20 14:10:10','2025-10-20 12:36:23',NULL,NULL,NULL,NULL),(2,1,1,'Objeto com proprietário identificado','QWE123222QWE','PEDRO J CABRALO','Nome (Proprietário): (apenas letras - será convertido em MAIÚSCULAS)Nome (Proprietário): (apenas letras - será convertido em MAIÚSCULAS)Nome (Proprietário): (apenas letras - será convertido em MAIÚSCULAS)Nome (Proprietário): (apenas letras - será convertido em MAIÚSCULAS)Nome (Proprietário): (apenas letras - será convertido em MAIÚSCULAS)',NULL,'N',NULL,'2025-10-20 14:28:05',1,'2025-10-20 14:33:06',NULL,NULL),(3,2,NULL,'CNH','QWE123123QWE','PEDRO JOSE CABRAL','teste',NULL,'N',NULL,'2025-10-21 18:44:54',NULL,NULL,NULL,NULL),(4,2,NULL,'Passaporte','1234','RONALD','ENCONTRADO NO AEROPORTO',NULL,'N',NULL,'2025-10-21 19:07:12',NULL,NULL,NULL,NULL),(5,3,NULL,'Outros objetos','PA202599999BR','CHAVEIRO DE CARRO','Material: Couro / Cor: Preta / Marca: Fiat',NULL,'N',NULL,'2025-10-22 12:50:18',NULL,NULL,NULL,NULL),(6,3,NULL,'CNH','12312312312','ROQUE RONOLD JUNIOR','Está rasgada e junto com um cartão de crédito.',NULL,'N',NULL,'2025-10-22 12:52:40',NULL,NULL,NULL,NULL),(7,3,NULL,'CTPS','123456789','ROQUE RONOLD O JR','Encontrada no Estacionamento C','Presencial','S','2025-10-22 13:20:14','2025-10-22 13:17:24',NULL,NULL,NULL,NULL),(8,3,NULL,'Outros objetos','PA202499999BR','ANTONIO SILVA','Album de fotos de casamento',NULL,'N',NULL,'2025-10-22 13:19:16',NULL,NULL,NULL,NULL),(9,2,NULL,'RG ou CIN','1331103207','ROQUE SILVA JUNIOR','Documento está com mancha na foto',NULL,'N',NULL,'2025-10-22 13:21:36',3,'2025-10-22 13:21:58',NULL,NULL),(10,2,NULL,'CNH','TESTE123','PEDRO JOSE CABRAL','teste teste','Presencial','S','2025-10-22 20:43:17','2025-10-22 20:33:08',NULL,NULL,'ASADASD','TESTE'),(11,3,NULL,'Passaporte','123456789','XAVIER DA SILVA','Passaporte Mercosul. Válido até 2029.',NULL,'N',NULL,'2025-10-23 03:43:49',NULL,NULL,'CAIXA 4',NULL),(12,4,NULL,'RG ou CIN','1459398122','ADRIENE DOS SANTOS MOREIRA','RG',NULL,'N',NULL,'2026-03-27 18:53:35',4,'2026-03-27 19:00:18','GAVETA PERDIDOS E ACHADOS ',NULL),(13,4,NULL,'CNH','08518335515','ROQUE FERREIRA DOS SANTOS        ','CNH ORIGINAL ',NULL,'N',NULL,'2026-03-27 18:54:53',NULL,NULL,'GAVETA PERDIDOS E ACHADOS ',NULL),(14,4,NULL,'RG ou CIN','89376897587','MARCIA DE JESUS DOS SANTOS','RG ORIGINAL ',NULL,'N',NULL,'2026-03-27 18:55:36',NULL,NULL,'GAVETA PERDIDOS E ACHADOS ',NULL),(15,4,NULL,'RG ou CIN','77602510500','ROSILENE MARTINS ESTRELA','RG ORIGINAL ',NULL,'N',NULL,'2026-03-27 18:56:09',NULL,NULL,'GAVETA PERDIDOS E ACHADOS ',NULL),(16,4,NULL,'CTPS','1274857244','ANTONIA ASSIS SANTOS ','CTPS ORIGINAL','Outros','S','2026-03-27 18:59:22','2026-03-27 18:56:57',NULL,NULL,'GAVETA PERDIDOS E ACHADOS ','duplicidade '),(17,4,NULL,'CTPS','1274857244','ANTONIA ASSIS SANTOS ','CTPS ORIGINAL',NULL,'N',NULL,'2026-03-27 18:56:57',4,'2026-03-27 19:00:35','GAVETA PERDIDOS E ACHADOS ',NULL),(18,4,NULL,'CTPS','48653276572','JOSINEIDE PALMA DA SILVA MACHADO ','CTPS ORIGINAL ',NULL,'N',NULL,'2026-03-27 18:57:45',4,'2026-03-27 19:00:26','GAVETA PERDIDOS E ACHADOS ',NULL),(19,7,NULL,'CNH','04414407799','PATRICIA SILVA BORGES','original',NULL,'N',NULL,'2026-03-29 14:46:18',NULL,NULL,'GAVETA ESCRITORIO',NULL),(20,7,NULL,'RG ou CIN','01038784590','PATRICIA BORGES DA SILVA ALVES','um documento de habilitacao',NULL,'N',NULL,'2026-04-01 11:35:40',NULL,NULL,'GAVETA',NULL),(21,8,NULL,'RG ou CIN','05338426978','ANDREI CRISTIANO MAIA E SILVA','CPF achado corredor',NULL,'N',NULL,'2026-04-18 00:14:04',NULL,NULL,'ARMARIO ACHADOS E PERDIDOS',NULL),(22,8,NULL,'Outros objetos','000','CADERNO DE MATEMATICA','Caderno azul, de 180 folhas',NULL,'N',NULL,'2026-04-18 00:20:34',NULL,NULL,'ARMARIO ACHADOS E PERDIDOS',NULL),(23,3,NULL,'Passaporte','04414307597','ROQUE OLIVEIRA JUNIOR','Encontrado na recepção',NULL,'N',NULL,'2026-05-21 03:28:27',NULL,NULL,'GAVETA 3 DA MESA 2',NULL);

--
-- Table structure for table `itens_perdidos_pf`
--

CREATE TABLE `itens_perdidos_pf` (
  `ID` int NOT NULL AUTO_INCREMENT,
  `ID_USUARIO_PF` int NOT NULL,
  `TIPO` varchar(80) COLLATE utf8mb4_unicode_ci NOT NULL,
  `NUMERO` varchar(90) COLLATE utf8mb4_unicode_ci DEFAULT NULL,
  `DESCRICAO` text COLLATE utf8mb4_unicode_ci NOT NULL,
  `LOCAL_PERDA` varchar(245) COLLATE utf8mb4_unicode_ci DEFAULT NULL,
  `DATACADASTRO` datetime NOT NULL DEFAULT CURRENT_TIMESTAMP,
  `DATA_ATUALIZACAO` datetime DEFAULT NULL ON UPDATE CURRENT_TIMESTAMP,
  PRIMARY KEY (`ID`),
  KEY `idx_itens_perdidos_pf_usuario` (`ID_USUARIO_PF`),
  CONSTRAINT `fk_itens_perdidos_pf_usuario` FOREIGN KEY (`ID_USUARIO_PF`) REFERENCES `usuarios_pf` (`ID`) ON DELETE CASCADE
) ENGINE=InnoDB AUTO_INCREMENT=2 DEFAULT CHARSET=utf8mb4 COLLATE=utf8mb4_unicode_ci COMMENT='Itens perdidos informados pelo usuário PF';

--
-- Dumping data for table `itens_perdidos_pf`
--

INSERT INTO `itens_perdidos_pf` VALUES (1,1,'CNH','1212123','asdasdas','asdasdas','2026-05-16 18:46:00',NULL);

--
-- Table structure for table `mensagens`
--

CREATE TABLE `mensagens` (
  `ID` int unsigned NOT NULL AUTO_INCREMENT,
  `NUM_CARTEIRINHA` varchar(50) COLLATE utf8mb4_unicode_ci DEFAULT NULL,
  `NOME` varchar(100) COLLATE utf8mb4_unicode_ci NOT NULL,
  `SOBRENOME` varchar(100) COLLATE utf8mb4_unicode_ci NOT NULL,
  `EMAIL` varchar(150) COLLATE utf8mb4_unicode_ci NOT NULL,
  `TELEFONE` varchar(20) COLLATE utf8mb4_unicode_ci NOT NULL,
  `ASSUNTO` varchar(150) COLLATE utf8mb4_unicode_ci NOT NULL,
  `MENSAGEM` text COLLATE utf8mb4_unicode_ci NOT NULL,
  `EMAIL_ENVIADO` char(1) COLLATE utf8mb4_unicode_ci NOT NULL DEFAULT 'N' COMMENT 'S = enviado, N = não enviado',
  `ERRO_ENVIO` text COLLATE utf8mb4_unicode_ci,
  `DATACADASTRO` datetime NOT NULL DEFAULT CURRENT_TIMESTAMP,
  PRIMARY KEY (`ID`),
  KEY `idx_mensagens_datacadastro` (`DATACADASTRO`),
  KEY `idx_mensagens_email` (`EMAIL`)
) ENGINE=InnoDB AUTO_INCREMENT=2 DEFAULT CHARSET=utf8mb4 COLLATE=utf8mb4_unicode_ci;

--
-- Dumping data for table `mensagens`
--

INSERT INTO `mensagens` VALUES (1,'','GABRIEL','LIMA','gabriel.lanconi@gmail.com','4199959595','achei algo','testando mensagem ... testando mensagem ... testando mensagem ... testando mensagem ... testando mensagem ... testando mensagem ... testando mensagem ... testando mensagem ... testando mensagem ... testando mensagem ... testando mensagem ... testando mensagem ... testando mensagem ... testando mensagem ... testando mensagem ...','N','PHPMailer não instalado. Execute: composer require phpmailer/phpmailer na pasta da API.','2026-05-16 19:28:30');

--
-- Table structure for table `usuario`
--

CREATE TABLE `usuario` (
  `ID` int NOT NULL AUTO_INCREMENT,
  `NOME` varchar(120) COLLATE utf8mb4_unicode_ci NOT NULL,
  `EMAIL` varchar(90) COLLATE utf8mb4_unicode_ci NOT NULL,
  `SENHA` varchar(255) COLLATE utf8mb4_unicode_ci NOT NULL,
  `ATIVO` char(1) COLLATE utf8mb4_unicode_ci NOT NULL DEFAULT 'S',
  `DATACADASTRO` datetime NOT NULL DEFAULT CURRENT_TIMESTAMP,
  PRIMARY KEY (`ID`),
  UNIQUE KEY `uk_usuario_email` (`EMAIL`)
) ENGINE=InnoDB AUTO_INCREMENT=3 DEFAULT CHARSET=utf8mb4 COLLATE=utf8mb4_unicode_ci COMMENT='Administradores — acesso ao painel /admin';

--
-- Dumping data for table `usuario`
--

INSERT INTO `usuario` VALUES (2,'Administrador','admin@perdiachei.com.br','$2y$10$92IXUNpkjO0rOQ5byMi.Ye4oKoEa3Ro9llC/.og/at2.uheWG/igi','S','2026-05-16 19:02:43');

--
-- Table structure for table `usuarios_pf`
--

CREATE TABLE `usuarios_pf` (
  `ID` int NOT NULL AUTO_INCREMENT,
  `NOME_COMPLETO` varchar(345) COLLATE utf8mb4_unicode_ci NOT NULL,
  `CPF` char(11) COLLATE utf8mb4_unicode_ci NOT NULL,
  `CELULAR` varchar(15) COLLATE utf8mb4_unicode_ci NOT NULL,
  `UF` char(2) COLLATE utf8mb4_unicode_ci NOT NULL,
  `CIDADE` varchar(100) COLLATE utf8mb4_unicode_ci NOT NULL,
  `EMAIL` varchar(90) COLLATE utf8mb4_unicode_ci NOT NULL,
  `SENHA` varchar(255) COLLATE utf8mb4_unicode_ci NOT NULL,
  `DATACADASTRO` datetime NOT NULL DEFAULT CURRENT_TIMESTAMP,
  `DATA_ATUALIZACAO` datetime DEFAULT NULL ON UPDATE CURRENT_TIMESTAMP,
  PRIMARY KEY (`ID`),
  UNIQUE KEY `uk_usuarios_pf_cpf` (`CPF`),
  UNIQUE KEY `uk_usuarios_pf_email` (`EMAIL`),
  KEY `idx_usuarios_pf_uf_cidade` (`UF`,`CIDADE`)
) ENGINE=InnoDB AUTO_INCREMENT=10 DEFAULT CHARSET=utf8mb4 COLLATE=utf8mb4_unicode_ci COMMENT='Usuários pessoa física — cadastro e login';

--
-- Dumping data for table `usuarios_pf`
--

INSERT INTO `usuarios_pf` VALUES (1,'GABRIEL PF','25564102991','41999559078','PR','Curitiba','gabriel3l@yahoo.com.br','$2y$10$.fD.f2UFAjRQrOKvBQ5s0eXcB.lxmHAtL2vYJn/i9H4f8S4AnubMO','2026-05-16 18:44:18',NULL),(2,'IZABEL REGILENE CARNEIRO','04641030537','75991106229','BA','Feira de Santana','izabelcarneiro25@gmail.com','$2y$10$wsh35C8blFKHb9hxsV2is.9bwki0SwAmdcOgQlCq6/t4A5xkC4UXS','2026-05-16 21:09:08',NULL),(3,'ROQUE RONOLD OLIVEIRA SILVA','29662443568','75982385121','BA','Feira de Santana','roqueronaldoliveira@gmail.com','$2y$10$OpPuq65nAz.pPt1NWua1W.av2Lofas6cwqgVlfMJq8zgE5KNYmcZ2','2026-05-17 02:19:15',NULL),(4,'GUILHERME RODRIGUES CAVET','09429613901','45998131559','PR','Curitiba','cavet@hotmail.com','$2y$10$vTiMfKPmDW33Ix4mwn5X6uT5YJJO7tIYkO9A8ycl9uhew0xQAhHie','2026-05-18 01:54:52',NULL),(5,'ROQUE RONOLD OLIVEIRA SILVA JUNIOR','04414307597','41988044822','BA','Feira de Santana','roqueronald@live.com','$2y$10$gYdfIdTa45pTjQqKLJVs.ei1SmxxqLwgyFB7L0NhSlIcB157a3BlW','2026-05-21 03:17:34',NULL),(6,'CARLOS EDUARDO MARTINS','08853297913','41988360871','PR','Curitiba','carlos.e.martins@live.com','$2y$10$Knv3YIxQZgbgZDiHojU.I.XZYY.79JRAtcAzuIS5cNikA4cJEEiUO','2026-05-21 07:45:41',NULL),(7,'RAFAEL CARVALHAL','01962958582','71992198331','BA','Salvador','rafaelflbm@icloud.com','$2y$10$KEvuV2uQLxUH4I.WviqnYeQ3b3oaaXir3gB98w5Zb2jbBHpxvaXTm','2026-05-21 22:28:01',NULL),(8,'DANIELE CARVALHO','04547524904','41996335217','PR','São José dos Pinhais','dannicarvalho_ml@yahoo.com.br','$2y$10$aVOULQhcO9NKJJ7nxc3eZ.O9Ont1aMAif14bJbzV3MnCbseNp7hAO','2026-05-22 02:04:53',NULL),(9,'MARIA EDUARDA CARVALHO HUY','09328784905','41997328104','PR','São José dos Pinhais','mariaechuy@gmail.com','$2y$10$Z8r1uI/2UO2aMa6kSWSmOefODt9RtD5B1A.isddKy9NTc0q8XgH4m','2026-05-22 02:10:09',NULL);


